- z - 1. Let r(k) = c(k) - 5*w(k). Suppose -17*b - 22*b = 156. List the prime factors of r(b).
131
What are the prime factors of -10 + -71*(-1686)/6 - 12/(-2)?
3, 61, 109
Suppose 0 = -21*o + 78 + 27. Suppose -5*a + 10*a - 5910 = -o*d, 5*a = 5*d + 5880. List the prime factors of a.
3, 131
Let r(f) = f - 11. Let n be r(4). What are the prime factors of 268 + n + 6/2?
2, 3, 11
Let v(q) = q + 2. Let g(o) = -11*o - 335. Let d(i) = -g(i) - 2*v(i). List the prime factors of d(6).
5, 7, 11
Let h = 255 - 251. Suppose h*f - p - 1315 = -6*p, 2*f + 2*p - 656 = 0. What are the prime factors of f?
5, 13
Let x(n) = -n + 18. Let i be x(13). Suppose 5*u = -i*a + 2055, -30*u = -a - 34*u + 402. List the prime factors of a.
2, 3, 23
Let s(n) = 3*n + 27. Let o be s(-9). Suppose o = 5*r - 3*z + 479, -z = -5*r - 220 - 253. Let q = 172 + r. What are the prime factors of q?
2, 3, 13
What are the prime factors of ((-16)/10*-1 - 2)/((-16)/685760)?
2, 2143
Let r be (118/4)/((-6)/108). Let o be (r/(-6))/(10/(-4) - -3). List the prime factors of (10/(-45) - o/54)*-10.
5, 7
Let k = -1636 + 10099. List the prime factors of k.
3, 7, 13, 31
Suppose -4*a - 10*w + 5*w + 18 = 0, -a + 13 = -3*w. Let n(b) = 0*b**2 + 4*b**2 + 10 + 3*b - b**2. List the prime factors of n(a).
2, 89
Suppose -5*p - 437 = 8. Let q = 128 - -30. Let d = q + p. List the prime factors of d.
3, 23
Let r(y) = -y**3 - 17*y**2 - 33*y - 34. Let m be r(-18). Let j = 1335 - m. What are the prime factors of j?
11, 41
Let d(x) = 7*x + 1. Let l be d(-1). Suppose -18 = -21*c + 30*c. List the prime factors of 3 + l + (82 - c).
3
Let r(l) be the third derivative of l**4/12 + 5*l**3/6 + 2*l**2. Let g be r(-4). List the prime factors of (-1)/3*-67 + 1/g.
2, 11
Let b = -39424 + 98935. List the prime factors of b.
3, 83, 239
List the prime factors of 6756*(13 - 532/42).
2, 563
Suppose 3*n - 5*s - 110 = 0, 4*s + 115 = -10*n + 13*n. Let i = 150 - n. What are the prime factors of i?
3, 5, 7
Suppose 1206*z = 1210*z - 23444. List the prime factors of z.
5861
Let f(g) = -g**3 + 45*g**2 - 83*g + 1108. What are the prime factors of f(39)?
6997
Let x = 127 - 128. Let r(h) = -101*h**3 + 79 + 4*h - 76 + 2*h**2 - 32*h**3. List the prime factors of r(x).
2, 67
Let q = 57 - 54. Suppose 3*j - 5*z - 190 = 0, -3*j - q*z = 2*j - 328. Suppose -6*h + h + j = 2*w, 3*h + 116 = 5*w. List the prime factors of w.
5
Suppose -3*o + 2*w + 24790 = -26750, 3*w = 4*o - 68719. List the prime factors of o.
2, 11, 71
Let y(c) = 9*c**2 + 43*c + 678. What are the prime factors of y(-26)?
2, 17, 83
Let l be 6/21 - (-44)/(-7). Let h = 22 - l. Let z = 127 + h. List the prime factors of z.
5, 31
Suppose 0 = 4*h - 4*y - 90472, -16*h + 20*h + 2*y = 90484. List the prime factors of h.
2, 3, 5, 13, 29
Let u be (-3)/(-4) - 49/(-4). Suppose 7*g = u*g - 1524. List the prime factors of g.
2, 127
Let v = 132650 - 74545. What are the prime factors of v?
5, 11621
Let x(y) = 12*y**2 - 3*y + 5. Let o be x(2). Let a = 47 - o. Suppose 0 = -5*i - a*i + 295. What are the prime factors of i?
59
Let x = 11697 - 7243. What are the prime factors of x?
2, 17, 131
Let t(i) = i**2 - 6*i + 9. Let b be t(-7). Let m be ((b/15)/10)/((-1)/(-3)). Suppose -5*v + 51 = 2*u, 20 = -m*u - 4*v + 76. What are the prime factors of u?
2, 19
Let j = 23163 + -10819. List the prime factors of j.
2, 1543
Suppose 0 = 4*w + 5*x - 79273, -99045 = -5*w + 173*x - 170*x. List the prime factors of w.
2, 3, 13, 127
Suppose 2*q + 14*v = 12*v + 23098, 0 = 4*q - 4*v - 46196. List the prime factors of q.
11549
Suppose l - 7 - 3 = 0. Suppose 0 = 2*r + 9 + 27. Let y = l - r. List the prime factors of y.
2, 7
Let l = -7986 + 14018. What are the prime factors of l?
2, 13, 29
Suppose 27 = 11*r - 8*r. Suppose r*m - 53 = 73. Suppose -3*k + 72 = -o + 4*o, 0 = -o - 3*k + m. List the prime factors of o.
29
Suppose -7*u = 394 - 86. List the prime factors of 222*(5 + u/12).
2, 37
What are the prime factors of 19 - 11 - ((-102426)/4 + 48/(-32))?
2, 1601
Suppose 8*t - 8100 = -t. Let y = 0 + t. What are the prime factors of y?
2, 3, 5
Let d = -55 + 95. Let h = d + -11. Suppose -o - 5*b + 23 = 0, 2*o + h - 87 = 2*b. List the prime factors of o.
2, 7
Suppose 285*p - 290*p + 105 = 0. Suppose -3*u - 2*m = -1077, -p*u + 5*m = -22*u + 346. List the prime factors of u.
19
Suppose 4*b - 24719 = -5*g, -3*g - 155*b + 14821 = -150*b. What are the prime factors of g?
3, 17, 97
Let d(w) = w**2 - 47*w - 68. Let p be d(53). Suppose 5*o - 10 = q - 6*q, q = -2*o - 1. Suppose -q*s + 10*s = p. What are the prime factors of s?
2, 5
Let i(b) = 10*b**3 + 17*b - 2. Let q be i(-6). Let n = -937 - q. What are the prime factors of n?
1327
Suppose 4*k + 2*d + 89 = 13811, -d = -5. List the prime factors of ((-14)/28)/((-2)/k).
857
Suppose -5*z + 20977 = 4*h, 8390 = 15*z - 13*z + 2*h. List the prime factors of z.
3, 1399
Suppose -640 = 18*b + 2*b. What are the prime factors of (8/(-2))/(b/2864)?
2, 179
List the prime factors of (1/1*-3)/((-210)/122360).
2, 19, 23
Let p(l) = 22 + 0*l**2 - l**3 + l**3 + l**2 + 11*l - 10*l**3. What are the prime factors of p(-4)?
2, 317
Suppose -10*z = -12*z + 168. Let w(c) = c**3 + c**2 + 2*c + 2. Let n be w(-2). What are the prime factors of z - -1 - (n - -2)?
89
Let q(i) = 44*i + 32. Suppose -13*p + 120 = -23. What are the prime factors of q(p)?
2, 3, 43
Let t(w) = 10*w + 21. Let m = 158 - 144. What are the prime factors of t(m)?
7, 23
Let x be (-21090)/(-4)*(1 - (-7)/(-3)). What are the prime factors of x/(-14) - (-120)/140?
503
Let d be (-8)/6 + ((-285)/9)/(-5). Suppose -4*q + 3*b = 584 - 200, 3*b = -d*q - 507. What are the prime factors of 7050/55 + 3/(q/6)?
2
Let z(c) = -2*c**2 + 5*c + 3. Let m be z(3). Suppose 3*b - 3*p + 8*p - 1105 = m, 0 = -5*b - 4*p + 1859. What are the prime factors of b?
3, 5
Suppose 0 = 4*q + 5*c - 91 + 26, -q - 3*c + 18 = 0. Suppose v - 656 = -5*h, 14*h - q*h = -3*v + 1984. What are the prime factors of v?
661
Let b(m) = 12*m**2 + 42*m - 18. Let o be b(-13). Let i = o - 577. List the prime factors of i.
887
Suppose -3*a - 5*r + 27458 - 7551 = 0, 2*a + 5*r = 13273. List the prime factors of a.
2, 31, 107
Let n be 294897/21 + (10 - 612/63). What are the prime factors of n/9 + 18/27 + -1?
2, 3, 5, 13
Suppose 45*x - 173336 + 29775 - 10564 = 0. What are the prime factors of x?
5, 137
Let k(i) = -i**3 - 14*i**2 + 51*i. Let m be k(-17). List the prime factors of m + 5 - -351 - 1/1.
5, 71
Let u = -16940 - -19523. What are the prime factors of u?
3, 7, 41
Let x be 36 + 6/4*2/(-1). Suppose -180 = -3*z - l, 2*l + x + 87 = 2*z. What are the prime factors of 30/9*2/4*z?
2, 5
Suppose 7489115 = 291*c - 124*c. What are the prime factors of c?
5, 8969
Let c be 9 + (-58)/6 + 34/6. Suppose -c*x + 1640 = 5*g, -20*g - 1616 = -25*g + 3*x. List the prime factors of g.
5, 13
Suppose 3*z = -2*z - 4*s - 152, 3*s - 75 = 3*z. List the prime factors of (1155/z + 5)*-16.
2, 5, 29
Let c(j) = j**2 + j - 8. Let z be c(3). Suppose z*v + 2*v = 468. Let o = -63 + v. List the prime factors of o.
3, 5
Let b be 51/119 + (-680)/(-14). Suppose -2*g - 2*t + 2 = 0, -4*g + 14*t - 9*t + b = 0. Suppose g*j = -j + 490. What are the prime factors of j?
2, 5, 7
Let y be (-3363)/(-38) + 1/(-2). Suppose 81 + y = z. What are the prime factors of z?
13
Let q = 29225 + -7965. What are the prime factors of q?
2, 5, 1063
Let v = 60 - 61. What are the prime factors of ((-4)/(-1) + -430 + 4)/v?
2, 211
Suppose -5*p + 4*a + 47615 = 0, -75*p + 77*p - a - 19043 = 0. List the prime factors of p.
3, 19, 167
Suppose 14*h = 3*u - 52119, 2*u + 17*h - 34789 = 12*h. List the prime factors of u.
17387
Let x be (3 - -34) + 18/6. Let w = -36 + x. Suppose -5*d - 17 = -4*l, w*l - 7 = -d + 4. What are the prime factors of l?
3
Let y(o) = -o**2 - 3. Let z be y(4). Suppose 4*s = 2*u - 170, s = -u - 16 - 25. Let n = z - s. What are the prime factors of n?
23
Let n be (-67 - -45)*(17 - 0 - 1). Let k = 532 + n. List the prime factors of k.
2, 3, 5
Suppose 0 = -48*h + 6*h - 89796. Let c = -669 - h. What are the prime factors of c?
13, 113
Let r(f) = -26*f**2 + 582*f + 10. List the prime factors of r(8).
2, 19, 79
Let w = 355 + 442. Let b = w + -435. What are the prime factors of b?
2, 181
Let s(u) = -11*u**2 - 8*u**2 - 8*u - 15*u + u**3 - u + 62 + 2*u**2. List the prime fact